
List the prime factors of 481195115.
5, 17, 29, 11483
What are the prime factors of 1365820195?
5, 61, 83, 163, 331
List the prime factors of 51503050.
2, 5, 1030061
What are the prime factors of 39165434?
2, 7, 11, 263, 967
List the prime factors of 182567873.
182567873
List the prime factors of 1544264199.
3, 171584911
What are the prime factors of 6133230038?
2, 13, 37, 401, 1223
What are the prime factors of 3500849588?
2, 9439, 92723
List the prime factors of 14111997.
3, 1193, 3943
List the prime factors of 3306965515.
5, 7, 94484729
What are the prime factors of 6616764339?
3, 36191, 60943
List the prime factors of 238340208.
2, 3, 4965421
What are the prime factors of 2041726009?
101, 20215109
What are the prime factors of 150420353?
421, 357293
What are the prime factors of 1506301188?
2, 3, 7, 23, 779659
List the prime factors of 9119495.
5, 7, 11, 23687
What are the prime factors of 2160419226?
2, 3, 7, 193, 266521
List the prime factors of 12877159.
12877159
What are the prime factors of 92264623?
11, 1871, 4483
What are the prime factors of 56645201?
56645201
What are the prime factors of 132250629?
3, 7, 6297649
What are the prime factors of 87597221?
1061, 82561
List the prime factors of 2584086443.
2584086443
What are the prime factors of 44896992?
2, 3, 7, 71, 941
List the prime factors of 29877830.
2, 5, 29, 269, 383
List the prime factors of 723702623.
7, 263, 393103
List the prime factors of 31273327.
31, 1008817
List the prime factors of 226878629.
29, 541, 14461
List the prime factors of 33334085.
5, 53, 125789
List the prime factors of 17806843.
47, 378869
List the prime factors of 1748550016.
2, 13660547
What are the prime factors of 2363291335?
5, 67, 7054601
What are the prime factors of 211485603?
3, 7, 29, 239, 1453
List the prime factors of 3861566151.
3, 1287188717
List the prime factors of 48501051.
3, 17, 951001
What are the prime factors of 5612400305?
5, 29, 38706209
What are the prime factors of 137601885?
3, 5, 9173459
List the prime factors of 4412978261.
73, 60451757
List the prime factors of 337988.
2, 7, 12071
List the prime factors of 289617218.
2, 11, 13164419
What are the prime factors of 202153657?
41, 683, 7219
List the prime factors of 80950341.
3, 1831, 14737
List the prime factors of 230153208.
2, 3, 17, 157, 3593
List the prime factors of 247772449.
883, 280603
What are the prime factors of 917063018?
2, 31, 229, 64591
List the prime factors of 146109013.
146109013
List the prime factors of 434558028.
2, 3, 193, 187633
List the prime factors of 1048276735.
5, 11, 137, 139121
What are the prime factors of 5850503417?
11, 43, 163, 75883
What are the prime factors of 38452418?
2, 167, 115127
What are the prime factors of 44835784?
2, 7, 114377
What are the prime factors of 2898166549?
41, 199, 355211
What are the prime factors of 65723626?
2, 5659, 5807
What are the prime factors of 80413551?
3, 109, 81971
What are the prime factors of 461035852?
2, 17, 29, 43, 5437
What are the prime factors of 1552465913?
7867, 197339
List the prime factors of 234602272.
2, 19, 385859
List the prime factors of 1215802428.
2, 3, 101316869
List the prime factors of 422127547.
379, 1113793
What are the prime factors of 712052771?
271, 683, 3847
What are the prime factors of 184943748?
2, 3, 11, 17, 73, 1129
List the prime factors of 336870896.
2, 21054431
What are the prime factors of 124328502?
2, 3, 6907139
What are the prime factors of 151874735?
5, 31, 79, 157
List the prime factors of 1032912261.
3, 193, 594653
What are the prime factors of 471991483?
19, 67, 101, 3671
What are the prime factors of 381318921?
3, 4707641
What are the prime factors of 281067757?
281067757
What are the prime factors of 557480495?
5, 11, 13, 779693
What are the prime factors of 1402096138?
2, 701048069
List the prime factors of 38432007.
3, 4270223
List the prime factors of 1251572186.
2, 23, 2591, 10501
What are the prime factors of 788941250?
2, 5, 631153
List the prime factors of 17463632.
2, 1091477
List the prime factors of 869000992.
2, 27156281
What are the prime factors of 956994035?
5, 1217, 157271
List the prime factors of 400100129.
11, 13, 37, 75619
What are the prime factors of 48616599?
3, 461, 35153
List the prime factors of 355087907.
8783, 40429
List the prime factors of 23466919.
7, 17, 19, 97, 107
List the prime factors of 149955281.
7, 179, 119677
What are the prime factors of 7038913960?
2, 5, 13, 499, 27127
List the prime factors of 68476426.
2, 34238213
List the prime factors of 114183063.
3, 23, 29, 827
What are the prime factors of 75732281?
75732281
What are the prime factors of 62052734?
2, 563, 55109
What are the prime factors of 7961620?
2, 5, 79, 5039
What are the prime factors of 23969475?
3, 5, 106531
List the prime factors of 38433768.
2, 3, 263, 6089
List the prime factors of 391576749.
3, 130525583
List the prime factors of 160749723.
3, 73, 734017
What are the prime factors of 289635?
3, 5, 19309
List the prime factors of 31028804.
2, 797, 9733
List the prime factors of 654241380.
2, 3, 5, 13, 838771
List the prime factors of 215631818.
2, 107815909
List the prime factors of 469064914.
2, 234532457
What are the prime factors of 16656934?
2, 7, 409, 2909
List the prime factors of 29679437.
157, 189041
List the prime factors of 1124596692.
2, 3, 31238797
List the prime factors of 324106717.
11, 17, 37, 139, 337
What are the prime factors of 893658427?
41, 59, 83, 4451
What are the prime factors of 792771648?
2, 3, 349, 11831
What are the prime factors of 18055243?
18055243
List the prime factors of 165114164.
2, 41278541
What are the prime factors of 298754469?
3, 13, 2553457
List the prime factors of 27939597.
3, 7, 353, 3769
List the prime factors of 4330970935.
5, 449, 1929163
What are the prime factors of 259788594?
2, 3, 13, 17, 195919
List the prime factors of 120969885.
3, 5, 41, 196699
List the prime factors of 34679408.
2, 19, 114077
What are the prime factors of 3125340455?
5, 23833, 26227
List the prime factors of 1115811164.
2, 13, 83, 263, 983
What are the prime factors of 911850304?
2, 2399, 5939
List the prime factors of 7378216.
2, 23, 40099
What are the prime factors of 4654177054?
2, 409, 5689703
What are the prime factors of 67677127?
7, 619, 15619
List the prime factors of 59916931.
43, 1393417
What are the prime factors of 3726560661?
3, 1242186887
List the prime factors of 748454457.
3, 249484819
List the prime factors of 1600776262.
2, 20593, 38867
What are the prime factors of 14487265?
5, 13, 107, 2083
What are the prime factors of 4626809746?
2, 13, 2389, 74489
List the prime factors of 521057010.
2, 3, 5, 1709, 10163
What are the prime factors of 868225529?
868225529
What are the prime factors of 131710392?
2, 3, 11, 166301
List the prime factors of 889431508.
2, 7, 29, 107, 353
What are the prime factors of 138436733?
3889, 35597
List the prime factors of 100746874.
2, 419, 120223
List the prime factors of 71630791.
1361, 52631
List the prime factors of 2894707433.
2894707433
What are the prime factors of 231385255?
5, 97, 349, 1367
List the prime factors of 98949518.
2, 5591, 8849
What are the prime factors of 322123533?
3, 23, 4668457
List the prime factors of 201189501.
3, 29, 41, 2089
List the prime factors of 55728709.
55728709
List the prime factors of 13381056.
2, 3, 13, 1787
List the prime factors of 138518732.
2, 11, 29, 108557
What are the prime factors of 543372167?
13, 127, 449, 733
What are the prime factors of 3698634989?
7, 173, 3054199
What are the prime factors of 29387172?
2, 3, 73, 33547
List the prime factors of 2745746.
2, 809, 1697
What are the prime factors of 179035056?
2, 3, 414433
List the prime factors of 1718968031.
11, 79, 419, 4721
What are the prime factors of 146761504?
2, 4586297
List the prime factors of 75897276.
2, 3, 7, 13, 9929
List the prime factors of 102297057.
3, 34099019
List the prime factors of 8601192594.
2, 3, 1409, 339137
What are the prime factors of 2443841044?
2, 83, 7360967
What are the prime factors of 2263677593?
71, 31882783
List the prime factors of 373592153.
11, 17, 179, 11161
What are the prime factors of 75960340?
2, 5, 3798017
List the prime factors of 779389631.
31, 25141601
List the prime factors of 399